{"id":545,"date":"2020-09-17T13:21:13","date_gmt":"2020-09-17T13:21:13","guid":{"rendered":"https:\/\/dyna.neel.cnrs.fr\/?page_id=545"},"modified":"2023-06-01T08:47:38","modified_gmt":"2023-06-01T06:47:38","slug":"publications","status":"publish","type":"page","link":"https:\/\/dyna.neel.cnrs.fr\/index.php\/publications\/","title":{"rendered":"Publications"},"content":{"rendered":"\n<p>Publications reporting the use of Dyna&#8217;s code :<\/p>\n\n\n\n<p>2023<\/p>\n\n\n\n<p><strong>X-ray magnetic circular dichroism spectroscopy at the Fe <em>L<\/em> edges with a picosecond laser-driven plasma source<\/strong> Martin Borchert, Dieter Engel, Clemens von Korff Schmising, Bastian Pfau, Stefan Eisebitt, and Daniel Schick <strong>Optica<\/strong> Vol. 10, <a href=\"https:\/\/opg.optica.org\/optica\/issue.cfm?volume=10&amp;issue=4\">Issue 4<\/a>, pp. 450-455 (2023) <a href=\"https:\/\/doi.org\/10.1364\/OPTICA.480221\">https:\/\/doi.org\/10.1364\/OPTICA.480221<\/a><\/p>\n\n\n\n<p>2022<\/p>\n\n\n\n<p><strong>Origin and properties of an unexpected exchange bias of Ta\/Ni80Fe20\/Ir20Mn80\/Ta heterostructures in ultrathin limit: impact of the oblique deposition and Ta\/Ni80Fe20 alloying<\/strong> Krohling, A.C., Leite, H.D., Fettar, F., Mossang, E., Tonnerre, J.M., Magalhaes-Paniago, R., Bueno, T.E.P., Passamani, E.C., Nascimento, V.P. <em>Thin Solid Films.<\/em>, <em><strong>746<\/strong>:<\/em> <em>art.n\u00b0 139115.<\/em> <em>(2022)<\/em> <a href=\"https:\/\/doi.org\/10.1016\/j.tsf.2022.139115\">https:\/\/doi.org\/10.1016\/j.tsf.2022.139115<\/a><\/p>\n\n\n\n<p>2021<\/p>\n\n\n\n<p><strong>Laser-driven resonant magnetic soft-x-ray scattering for probing ultrafast antiferromagnetic and structural dynamics<\/strong><br>D. Schick, M. Borchert, J. Braenzel, H. Stiel, J. Tuemmler, D. Buergler, A. Firsov, C.<a href=\"https:\/\/www-webofscience-com.inp.bib.cnrs.fr\/wos\/author\/record\/1499399\"> <\/a>Schmising, B. Pfau, S. Eisebitt<br>Optica, <strong>8<\/strong>, issue 9, pages 1237, sept. 20 2021<br><a href=\"https:\/\/10.1016\/j.cpc.2021.108031\">https:\/\/10.1364\/OPTICA.435522<\/a><\/p>\n\n\n\n<p><strong>UDKM1DSIM, a Python toolbox for simulating 1D ultrafast dynamics in condensed matter<\/strong><br>D. Schick<br>Computer Physics Communications, 266, 108031, 2021<br><a href=\"https:\/\/10.1016\/j.cpc.2021.108031\">https:\/\/10.1016\/j.cpc.2021.108031<\/a><\/p>\n\n\n\n<p><strong>Toward ultrafast magnetic depth profiling using time-resolved x-ray resonant magnetic reflectivity<\/strong><br>V. Chardonnet, M. Hennes, R. Jarrier, R. Delaunay, N. Jaouen, M. Kuhlmann, N. Ekanayake, C. L\u00e9veill\u00e9, C. von Korff Schmising, D. Schick, K. Yao , X. Liu, G. Chiuzb\u0103ian, J. L\u00fcning, B. Vodungbo, E. Jal<br>Structural Dynamics, 8, 3, 034305, 2021<br><a href=\"https:\/\/doi.org\/10.1063\/4.0000109\">https:\/\/doi.org\/10.1063\/4.0000109<\/a><\/p>\n\n\n\n<p> 2020<\/p>\n\n\n\n<p><strong>The influence of Cu spacer morphology in Cu\/Py\/Cu\/Co\/IrMn spin valves with induced non-collinear spin structures<\/strong><br>A.C.Krohling, C.H.Verbeno, T.E.P.Bueno, V.P.Nascimento, K.Krambrock, F.J.Litterstd, E.C.Passamani<br>JOURNAL OF MAGNETISM AND MAGNETIC MATERIALS, 512, 166985<br><a href=\"https:\/\/doi.org\/10.1016\/j.jmmm.2020.166985\" target=\"_blank\" rel=\"noreferrer noopener\">https:\/\/doi.org\/10.1016\/j.jmmm.2020&#8230;<\/a><\/p>\n\n\n\n<p>2019<\/p>\n\n\n\n<p><strong>Resonant Faraday effect using high-order harmonics for the investigation of ultrafast demagnetization<\/strong><br>Carla Alves, Guillaume Lambert, Victor Malka, Michel Hehn, Gregory Malinowski, Marcel Hennes, Valentin Chardonnet, Emmanuelle Jal, Jan L\u00fcning, and Boris Vodungbo<br>Phys. Rev. B 100, 144421 \u2013 Published 15 October 2019<br>10.1103\/PhysRevB.100.144421<br><a href=\"https:\/\/link.aps.org\/doi\/10.1103\/PhysRevB.100.144421\" target=\"_blank\" rel=\"noreferrer noopener\">https:\/\/link.aps.org\/doi\/10.1103\/Ph&#8230;<\/a><\/p>\n\n\n\n<p><strong>Influence of oxide density on O2 diffusivity in thermally grown SiO2 on Sia nd SiGe and on oxidation kinetics<\/strong><br>Fabien Roz\u00e9, Patrice Gergaud, Nicolas Jaouen, Olivier Gourhant, Elisabeth Blanquet and Fran\u00e7ois Bertin<br><em>Semicond. Sci. Technol. 34 (2019) 065023<\/em><br>doi&nbsp;: 10.1088\/1361-6641\/ab1228<\/p>\n\n\n\n<p>2018<\/p>\n\n\n\n<p><strong>Emergent c-axis magnetic helix in manganite-nickelate superlattices<\/strong><br>G. Fabbris, N. Jaouen, D. Meyers, J. Feng, J. D. Hoffman, R. Sutarto, S. G. Chiuzb\u0103ian, A. Bhattacharya, and M.&nbsp;P. M.&nbsp;Dean<br><em>Phys. Rev. B 98, 180401(R)<\/em><br><a href=\"https:\/\/link.aps.org\/doi\/10.1103\/PhysRevB.98.180401\" target=\"_blank\" rel=\"noreferrer noopener\">https:\/\/link.aps.org\/doi\/10.1103\/Ph&#8230;<\/a><\/p>\n\n\n\n<p>2017<\/p>\n\n\n\n<p><strong>Spin valve heterostructures built using the shadowing effect&nbsp;: Setting NiFe and Co magnetization directions for non-collinear couplings<\/strong><br>A. C. Krohling, T. E. P. Bueno, V. P. Nascimento, C. Larica, K. Krambrock, D. Menzel, F. J. Litterst, and E. C. Passamani<br><em>Appl. Phys. Lett. 111, 262404 (2017)<\/em><br>doi&nbsp;: 10.1063\/1.5003220<\/p>\n\n\n\n<p><strong>Growth and properties of CoO\/Fe perpendicular exchange coupled ultra-thin films<\/strong><br>A.D. Lamirand, S. Grenier, A.Y. Ramos, M.&nbsp;De Santis, A. Bailly, E. Mossang, J.M.&nbsp;Tonnerre, D. Testemale, H.C.N. Tolentino, N. Jaouen, M.M.&nbsp;Soares, M.&nbsp;Jamet, O. Proux<br><em>Journal of Magnetism and Magnetic Materials, Elsevier, 2017, 443, pp.195-201<\/em><br><a href=\"http:\/\/dx.doi.org\/10.1016\/j.jmmm.2017.07.079\" target=\"_blank\" rel=\"noreferrer noopener\">http:\/\/dx.doi.org\/10.1016\/j.jmmm.20&#8230;<\/a><\/p>\n\n\n\n<p><strong>Structural dynamics during laser-induced ultrafast demagnetization<\/strong><br>Emmanuelle Jal, V\u00edctor L\u00f3pez-Flores, Niko Pontius, Tom Fert\u00e9, Nicolas Bergeard, Christine Boeglin, Boris Vodungbo, Jan L\u00fcning, and Nicolas Jaouen<br><em>Phys. Rev. B 95, 184422 (2017)<\/em><br><a href=\"https:\/\/doi.org\/10.1103\/PhysRevB.95.184422\" target=\"_blank\" rel=\"noreferrer noopener\">https:\/\/doi.org\/10.1103\/PhysRevB.95&#8230;<\/a><\/p>\n\n\n\n<p><strong>Study of the influence of Nb buffer layer on the exchange coupling induced at the Co\/IrMn interface<\/strong><br>I.L.C. Merino, L.C. Figueiredo, E.C. Passamani, V.P. Nascimento, F. Pelegrini, E. Baggio Saitovitch<br><em>Journal of Magnetism and Magnetic Materials, Volume 432, 15 June 2017, Pages 494-500 (2017)<\/em><\/p>\n\n\n\n<p>2016<\/p>\n\n\n\n<p><strong>Interlayer coupling through a dimensionality-induced magnetic state<\/strong><br>M.&nbsp;Gibert, M.&nbsp;Viret, P. Zubko, N. Jaouen, J.-M.&nbsp;Tonnerre, A. Torres-Pardo, S. Catalano, A. Gloter, O. Stephan, J.-M.&nbsp;Triscone<br><em>Nature Communications, Volume 7, 11227 (2016)<\/em><br><a href=\"http:\/\/dx.doi.org\/10.1038\/ncomms11227\" target=\"_blank\" rel=\"noreferrer noopener\">http:\/\/dx.doi.org\/10.1038\/ncomms11227<\/a><\/p>\n\n\n\n<p>2015<\/p>\n\n\n\n<p><strong>Interfacial Control of Magnetic Properties at LaMnO3\/LaNiO3 Interfaces<\/strong><br>M.&nbsp;Gibert, M.&nbsp;Viret, A. Torres-Pardo, C. Piamonteze, P. Zubko, N. Jaouen, J.-M.&nbsp;Tonnerre, A. Mougin, J. Fowlie, S. Catalano, A. Gloter, O. St\u00e9phan, and J.-M.&nbsp;Triscone<br><em>Nano Letters, Volume 15, Issue 11, 11 November 2015, Pages 7355-7361<\/em><br><a href=\"http:\/\/dx.doi.org\/10.1021\/acs.nanolett.5b02720\" target=\"_blank\" rel=\"noreferrer noopener\">http:\/\/dx.doi.org\/10.1021\/acs.nanol&#8230;<\/a><\/p>\n\n\n\n<p><strong>Element-specific magnetization redistribution at YBa2Cu3O7\/La2\/3Ca1\/3MnO3 interfaces<\/strong><br>A. Alberca, M.&nbsp;A. Uribe-Laverde, Y. W. Windsor, M.&nbsp;Ramakrishnan, L. Rettig, I. Marozau, J-M.&nbsp;Tonnerre, J. Stahn, U. Staub, and C. Bernhard<br><em>Physical Review B 92, 174415 (2015)<\/em><br><a href=\"http:\/\/dx.doi.org\/10.1103\/PhysRevB.92.174415\" target=\"_blank\" rel=\"noreferrer noopener\">http:\/\/dx.doi.org\/10.1103\/PhysRevB&#8230;.<\/a><\/p>\n\n\n\n<p><strong>Interface Fe magnetic moment enhancement in MgO\/Fe\/MgO trilayers<\/strong><br>Emmanuelle Jal, Jeffrey B. Kortright, Tyler Chase, TianMin Liu, Alexander X. Gray, Padraic Shafer, Elke Arenholz, Pengfa Xu, Jaewoo Jeong, Mahesh G. Samant, Stuart S. P. Parkin and Hermann A. D\u00fcrr<br><em>Appl. Phys. Lett. 107, 092404 (2015)<\/em><br><a href=\"http:\/\/dx.doi.org\/10.1063\/1.4929990\" target=\"_blank\" rel=\"noreferrer noopener\">http:\/\/dx.doi.org\/10.1063\/1.4929990<\/a><\/p>\n\n\n\n<p><strong>Noncollinearity of the canted spins across ultrathin Fe films on vicinal Ag surfaces<\/strong><br>Emmanuelle Jal, Maciej Dabrowski, Jean-Marc Tonnerre, Marek Przybylski, St\u00e9phane Grenier, Nicolas Jaouen, J\u00fcrgen Kirschner<br><em>Physical Review B 91, 214418 (2015)<\/em><br><a href=\"http:\/\/dx.doi.org\/10.1103\/PhysRevB.91.214418\" target=\"_blank\" rel=\"noreferrer noopener\">http:\/\/dx.doi.org\/10.1103\/PhysRevB&#8230;.<\/a><\/p>\n\n\n\n<p>2013<\/p>\n\n\n\n<p><strong>Magnetization profile across Au-covered bcc Fe films grown on a vicinal surface of Ag(001) as seen by x-ray resonant magnetic reflectivity<\/strong><br>Emmanuelle Jal, Maciej Dabrowski, Jean-Marc Tonnerre, Marek Przybylski, St\u00e9phane Grenier, Nicolas Jaouen, J\u00fcrgen Kirschner<br><em>Physical Review B 87, 224418 (2013)<\/em><br><a href=\"http:\/\/dx.doi.org\/10.1103\/PhysRevB.87.224418\" target=\"_blank\" rel=\"noreferrer noopener\">http:\/\/dx.doi.org\/10.1103\/PhysRevB&#8230;.<\/a><\/p>\n\n\n\n<p>2012<\/p>\n\n\n\n<p><strong>X-ray resonant magnetic reflectivity of stratified magnetic structures&nbsp;: Eigenwave formalism and application to a W\/Fe\/W trilayer<\/strong><br>Marta Elzo&nbsp;; Emmanuelle Jal&nbsp;; Oana Bunau&nbsp;; St\u00e9phane Grenier&nbsp;; Aline Y. Ramos&nbsp;; H\u00e9lio Tolentino&nbsp;; Yves Joly&nbsp;; Jean-Marc Tonnerre&nbsp;; Nicolas Jaouen<br><em>Journal of Magnetism and Magnetic Materials, 324 (2), pp. 105-112 (2012)<\/em><br><a href=\"http:\/\/dx.doi.org\/10.1016\/j.jmmm.2011.07.019\" target=\"_blank\" rel=\"noreferrer noopener\">http:\/\/dx.doi.org\/10.1016\/j.jmmm.20&#8230;<\/a><\/p>\n\n\n\n<p><\/p>\n","protected":false},"excerpt":{"rendered":"<p>Publications reporting the use of Dyna&#8217;s code : 2023 X-ray magnetic circular dichroism spectroscopy at the Fe L edges with a picosecond laser-driven plasma source Martin Borchert, Dieter Engel, Clemens von Korff Schmising, Bastian Pfau, Stefan Eisebitt, and Daniel Schick &hellip; <a href=\"https:\/\/dyna.neel.cnrs.fr\/index.php\/publications\/\">Continue reading <span class=\"meta-nav\">&rarr;<\/span><\/a><\/p>\n","protected":false},"author":3,"featured_media":0,"parent":0,"menu_order":2,"comment_status":"closed","ping_status":"closed","template":"","meta":{"footnotes":""},"class_list":["post-545","page","type-page","status-publish","hentry"],"_links":{"self":[{"href":"https:\/\/dyna.neel.cnrs.fr\/index.php\/wp-json\/wp\/v2\/pages\/545","targetHints":{"allow":["GET"]}}],"collection":[{"href":"https:\/\/dyna.neel.cnrs.fr\/index.php\/wp-json\/wp\/v2\/pages"}],"about":[{"href":"https:\/\/dyna.neel.cnrs.fr\/index.php\/wp-json\/wp\/v2\/types\/page"}],"author":[{"embeddable":true,"href":"https:\/\/dyna.neel.cnrs.fr\/index.php\/wp-json\/wp\/v2\/users\/3"}],"replies":[{"embeddable":true,"href":"https:\/\/dyna.neel.cnrs.fr\/index.php\/wp-json\/wp\/v2\/comments?post=545"}],"version-history":[{"count":24,"href":"https:\/\/dyna.neel.cnrs.fr\/index.php\/wp-json\/wp\/v2\/pages\/545\/revisions"}],"predecessor-version":[{"id":965,"href":"https:\/\/dyna.neel.cnrs.fr\/index.php\/wp-json\/wp\/v2\/pages\/545\/revisions\/965"}],"wp:attachment":[{"href":"https:\/\/dyna.neel.cnrs.fr\/index.php\/wp-json\/wp\/v2\/media?parent=545"}],"curies":[{"name":"wp","href":"https:\/\/api.w.org\/{rel}","templated":true}]}}